is the remainder when 5501932 is divided by 25?
7
What is the remainder when 1285215 is divided by 428235?
510
Calculate the remainder when 6795 is divided by 3369.
57
Calculate the remainder when 54680258 is divided by 13.
9
Calculate the remainder when 169358514 is divided by 53.
35
Calculate the remainder when 488049 is divided by 160.
49
What is the remainder when 2291470 is divided by 419?
378
Calculate the remainder when 361961 is divided by 250.
211
What is the remainder when 1708695 is divided by 46?
25
What is the remainder when 35887260 is divided by 780157?
38
What is the remainder when 121352319 is divided by 10762?
7
Calculate the remainder when 281033 is divided by 280011.
1022
Calculate the remainder when 9093550 is divided by 472.
470
What is the remainder when 60135 is divided by 1299?
381
Calculate the remainder when 678957 is divided by 7301.
7265
What is the remainder when 36584 is divided by 3004?
536
What is the remainder when 136370 is divided by 68170?
30
Calculate the remainder when 55131318 is divided by 49.
46
Calculate the remainder when 148658283 is divided by 14.
11
Calculate the remainder when 12651045 is divided by 75.
45
What is the remainder when 9101 is divided by 8325?
776
What is the remainder when 3508854 is divided by 1168105?
4539
What is the remainder when 25813 is divided by 7898?
2119
Calculate the remainder when 2679493 is divided by 60897.
25
What is the remainder when 119189804 is divided by 19?
11
Calculate the remainder when 3183833 is divided by 77.
37
What is the remainder when 4013033 is divided by 26?
11
What is the remainder when 137407 is divided by 15252?
139
What is the remainder when 1021215 is divided by 510417?
381
Calculate the remainder when 48768 is divided by 707.
692
What is the remainder when 1386796 is divided by 12411?
9175
What is the remainder when 2202770 is divided by 1101375?
20
Calculate the remainder when 34067 is divided by 811.
5
What is the remainder when 274053 is divided by 5178?
4797
Calculate the remainder when 1535183 is divided by 21029.
66
Calculate the remainder when 1528571 is divided by 4.
3
Calculate the remainder when 11311757 is divided by 226.
5
What is the remainder when 3103921 is divided by 72184?
9
What is the remainder when 1855436 is divided by 1855412?
24
What is the remainder when 37974 is divided by 171?
12
What is the remainder when 9070947 is divided by 117?
54
What is the remainder when 12447284 is divided by 242?
14
What is the remainder when 26495 is divided by 26358?
137
What is the remainder when 27369287 is divided by 28480?
7
What is the remainder when 393315 is divided by 438?
429
Calculate the remainder when 475461 is divided by 1651.
1624
What is the remainder when 18271028 is divided by 9541?
13
What is the remainder when 5986996 is divided by 81?
43
Calculate the remainder when 11764272 is divided by 54.
48
What is the remainder when 3783472 is divided by 13?
4
What is the remainder when 374028728 is divided by 178?
176
What is the remainder when 2336580 is divided by 2132?
2040
What is the remainder when 186248 is divided by 186233?
15
What is the remainder when 105254819 is divided by 92?
11
Calculate the remainder when 43139 is divided by 2337.
1073
What is the remainder when 13302995 is divided by 2008?
2003
What is the remainder when 47892185 is divided by 44?
33
What is the remainder when 1190640 is divided by 69?
45
Calculate the remainder when 66844 is divided by 752.
668
What is the remainder when 61243742 is divided by 8012?
14
Calculate the remainder when 284629902 is divided by 71157475.
2
Calculate the remainder when 105423 is divided by 35076.
195
What is the remainder when 639371 is divided by 106325?
1421
Calculate the remainder when 201867 is divided by 293.
283
What is the remainder when 43690519 is divided by 24?
7
Calculate the remainder when 44296778 is divided by 20584.
10
Calculate the remainder when 30996913 is divided by 3333.
13
What is the remainder when 164828 is divided by 82359?
110
What is the remainder when 1240730 is divided by 103?
95
What is the remainder when 6345321 is divided by 2115035?
216
What is the remainder when 112550409 is divided by 78?
75
What is the remainder when 9756473 is divided by 4242?
4115
Calculate the remainder when 188141731 is divided by 319.
316
What is the remainder when 35828 is divided by 17769?
290
What is the remainder when 196619 is divided by 10917?
113
Calculate the remainder when 434931 is divided by 126.
105
Calculate the remainder when 28659 is divided by 1287.
345
What is the remainder when 3130669 is divided by 40658?
3
Calculate the remainder when 1641478 is divided by 215.
168
What is the remainder when 1401648 is divided by 1306?
310
Calculate the remainder when 36323 is divided by 667.
305
What is the remainder when 446085 is divided by 446057?
28
Calculate the remainder when 2805405 is divided by 2805158.
247
What is the remainder when 10818 is divided by 80?
18
Calculate the remainder when 152221 is divided by 123.
70
What is the remainder when 77989555 is divided by 19497388?
3
What is the remainder when 420292 is divided by 23346?
64
Calculate the remainder when 52693873 is divided by 1201.
1199
Calculate the remainder when 111897091 is divided by 101.
100
What is the remainder when 16307593 is divided by 3682?
15
What is the remainder when 650150 is divided by 325036?
78
Calculate the remainder when 11124045 is divided by 68.
61
Calculate the remainder when 345729 is divided by 4153.
1030
Calculate the remainder when 1604116 is divided by 215.
1
Calculate the remainder when 362981 is divided by 446.
383
Calculate the remainder when 954209 is divided by 477043.
123
Calculate the remainder when 520 is divided by 182.
156
Calculate the remainder when 1100734 is divided by 1098990.
1744
Calculate the remainder when 160257086 is divided by 2435.
2431
Calculate the remainder when 32596387 is divided by 85.
77
Calculate the remainder when 54810 is divided by 5370.
1110
Calculate the remainder when 107547557 is divided by 472.
469
What is the remainder when 2108922 is divided by 2929?
42
What is the remainder when 16166720 is divided by 134?
22
What is the remainder when 46717 is divided by 1139?
18
What is the remainder when 112693 is divided by 39?
22
Calculate the remainder when 15118832 is divided by 53.
52
Calculate the remainder when 22231 is divided by 7371.
118
What is the remainder when 968420 is divided by 484205?
10
What is the remainder when 156938 is divided by 156897?
41
Calculate the remainder when 201065 is divided by 66963.
176
Calculate the remainder when 176916 is divided by 6565.
6226
What is the remainder when 1153233 is divided by 2120?
2073
Calculate the remainder when 1158240 is divided by 20320.
0
What is the remainder when 5238825 is divided by 33157?
19
What is the remainder when 188107 is divided by 183042?
5065
What is the remainder when 3431796 is divided by 53621?
52
What is the remainder when 1109810 is divided by 310?
10
What is the remainder when 3922564 is divided by 1389?
28
Calculate the remainder when 10146 is divided by 2239.
1190
What is the remainder when 4351611 is divided by 80585?
21
What is the remainder when 30405185 is divided by 35645?
0
Calculate the remainder when 22749 is divided by 2492.
321
What is the remainder when 1422651 is divided by 4099?
298
Calculate the remainder when 33258644 is divided by 1379.
1301
What is the remainder when 16578 is divided by 1574?
838
Calculate the remainder when 1360236 is divided by 71589.
45
Calculate the remainder when 554767 is divided by 138678.
55
Calculate the remainder when 480740 is divided by 1166.
348
Calculate the remainder when 235008117 is divided by 24.
21
Calculate the remainder when 28876467 is divided by 18642.
9
What is the remainder when 685603 is divided by 2332?
2327
What is the remainder when 391426 is divided by 1413?
25
Calculate the remainder when 8438110 is divided by 4236.
4234
Calculate the remainder when 111254717 is divided by 32.
29
Calculate the remainder when 70267454 is divided by 118.
106
What is the remainder when 10003961 is divided by 158?
33
Calculate the remainder when 15539 is divided by 2005.
1504
What is the remainder when 19